3 + 2*k + 14 + 169*k**2 - 14 - 168*k**2. What is f(-3)?
-24
Let i(d) = 6 - 18 - d + 0 + 4 - 9*d**2 + 0 - d**3. What is i(-9)?
1
Let y(w) = -19*w + 67. Let m(s) = 12*s - 34. Let x(t) = 5*m(t) + 3*y(t). Determine x(-9).
4
Let r = -175 - -190. Let q = 16 - 4. Let s = q - r. Let d(n) = -n**2 + n + 1. Calculate d(s).
-11
Let l(p) be the second derivative of p**4/6 + p**3 - 2*p**2 - 9*p - 3. What is l(-5)?
16
Let d(u) = -3*u**2 - 1 + 4*u**2 + 2*u**3 + 0*u**3 - 6*u**3 + u. Let a = -9 + 8. Let f be ((-1)/(-1) - a)/2. Determine d(f).
-3
Let d = 2030 + -2042. Let z(m) = m**3 + 10*m**2 - 23*m + 15. Calculate z(d).
3
Let a = 175 - 176. Let m(z) = 0*z**3 + 1 + z**3 - 2*z - 2*z**2 - 2. What is m(a)?
-2
Let f be 0 + (1 - (-2 + 1)). Let k(a) = -3 + 2*a - a**2 + 2*a**f + 0. Suppose -18*h + 4*p = -23*h - 10, -4*h + 3*p + 23 = 0. Determine k(h).
5
Let z(k) be the first derivative of -23*k**3/3 + 59. What is z(1)?
-23
Let i(h) = h**3 - 6*h**2 - h + 30. Let o be i(5). Let t(x) = -x + 17. Determine t(o).
17
Let q(v) = 26*v + 5. Let i be q(0). Let h(p) = -5 + 3*p - 4*p + p + 2*p. Calculate h(i).
5
Suppose 8 = -3*j - 5*s, 3*j = -s + 2*s + 16. Let x(c) = -4*c**2 - 69*c**3 + 124*c + 70*c**3 - 128*c. Calculate x(j).
-16
Let t(i) be the third derivative of -i**4/24 + 19*i**3/3 + 61*i**2 - i. What is t(16)?
22
Let w(r) = -r**2 - 12*r + 7. Suppose 0 = 13*z - 43*z - 180. Give w(z).
43
Let i(z) = 2*z**2 + 19*z + 36. Let d(b) = b**2 + 1. Let m(k) = d(k) - i(k). Give m(-17).
-1
Let h = -113 - -116. Let z(y) = -y**2 - 5*y. Let w(m) = -2*m**2 - 6*m + 1. Let b(j) = 3*w(j) - 4*z(j). What is b(h)?
-9
Suppose -3*l + 9*c + 37 = 4*c, 5*c + 13 = -3*l. Let g be l/(-7) + 504/(-147). Let m(w) = -4*w - 3. Give m(g).
13
Let k be 4*((-6)/9)/(40/75). Let j(v) = v**3 + 4*v**2 - 7*v - 2. What is j(k)?
8
Suppose 0 = 2*n + 2*z + 10, -5*z - 15 + 17 = -4*n. Let q(t) = 4*t**2 - t + 4. Calculate q(n).
43
Let g(c) be the second derivative of -c**4/12 + 13*c**3/6 + 25*c**2/2 + 373*c + 1. Give g(15).
-5
Let y(v) = 21 + 12 - 39 + v + 5. Suppose 2 = -3*f + 8. Let z be (f/(-4))/(2/(-24)). What is y(z)?
5
Let b = 116 + -37. Let q = b - 74. Let z(u) = u**3 - 5*u**2 + u + 6. Determine z(q).
11
Let x(g) = 2*g**3 - 2*g**2 - g. Let p(o) = o + 18. Let a = 13 + -28. Let h be p(a). Suppose -k = -2*c - h, -2 = 3*c + 2*c + 3*k. Determine x(c).
-3
Let p(v) be the first derivative of -3*v**2/2 + 2*v - 11. Let c(i) = -8*i + 7. Let h(s) = 4*c(s) - 11*p(s). Calculate h(-9).
-3
Let p(f) = f**3 + 7*f**2 + 8*f - 2. Let n(v) = 2*v + 6. Suppose -4*o - 20 = 4. Let b be n(o). Calculate p(b).
-14
Let i(r) = -r - 2. Let q be (-96)/28*(2 + 5). Let h be ((-32)/q)/(1/(-6)). Give i(h).
6
Let n(c) = 4*c - 15. Let t be (6 - -8) + (1 + -11 - -2). Calculate n(t).
9
Let l(a) = -a**3 + 8*a**2 - a + 8. Let g(b) = -8*b**3 - 2*b**2 - b + 1. Let y = 33 - 34. Let u be g(y). Calculate l(u).
0
Let f(t) be the third derivative of -t**5/60 - 7*t**4/24 + 5*t**3/3 - 423*t**2. Calculate f(-7).
10
Let o(d) = -1 + 16*d + 4 + 2 - 6*d - 3 - d**2. Determine o(8).
18
Let y(i) = -6*i - 5. Suppose 8*z - 265 = -281. Give y(z).
7
Let w(h) be the third derivative of h**9/30240 - h**8/20160 + h**7/1680 - h**6/360 + h**5/30 + 36*h**2. Let x(i) be the third derivative of w(i). What is x(2)?
16
Suppose 0 = -q - 3, 0*q = -w + q - 3. Let v(y) = -4*y**2 + 6*y + 1 + 0 + 4*y**2 + y**2. Calculate v(w).
1
Suppose 4*r - 9 = x, 4*x + 4*r + 14 = 9*r. Let u(w) = 4*w + 1. Calculate u(x).
-3
Suppose -4*j - 5 - 7 = -4*o, j - 3*o - 1 = 0. Let g be (-2 - 52/(-16))*4. Let y(f) = f + g - 5 + 1 + 0*f. Give y(j).
-4
Let z(p) be the first derivative of p**4/4 + p**3 - p**2/2 - 4*p - 679. Give z(-4).
-16
Let j(i) = -i**2 + 2*i + 2. Suppose 2*c = -3*u + 24, 6 = 3*u - 6. Suppose -m = -0*m. Suppose m = -s - 3 + c. Determine j(s).
-1
Let y(h) = h**2 + h + 7. Let g(k) = 1. Let x(l) = 4*g(l) + y(l). Let q = 12 - 13. Let p be q*(0/2)/(-2). What is x(p)?
11
Let j(u) = 2*u**3 + 4*u**2 - u + 1. Let p = 463 - 466. Calculate j(p).
-14
Let x(u) be the third derivative of -u**6/120 + u**5/12 + u**4/24 - 2*u**3 + 684*u**2. Determine x(5).
-7
Suppose 10*y + 2 - 22 = 0. Let h(i) = 2*i - 317*i**2 + 155*i**y + i**3 + 1 + 160*i**2. Give h(2).
5
Let d(q) = 6*q + 1. Let b(l) = -2*l**2 + 14*l + 3. Let u be b(7). Suppose -u*r = 3*c - 3, r + c - 6*c = -11. Determine d(r).
-5
Let r(i) be the first derivative of i**2/2 - 6*i + 255. Determine r(10).
4
Suppose -151 - 185 = -48*k. Let n(z) = -z**3 + 6*z**2 + 8*z + 3. Determine n(k).
10
Let z(o) = o**2 + 2*o. Let d(y) = 2*y**3 - 3*y**2 - 12*y - 2. Let w(k) = -d(k) - 6*z(k). Calculate w(-2).
6
Suppose 0 = 3*q + 50 - 11. Let t = -13 - q. Let r(h) = -h - 5. Give r(t).
-5
Let g(m) = 7*m**3 + 5*m**2 - 5*m - 3. Let n(u) = -u**3 + u. Let z(l) = g(l) + 6*n(l). Let j be (1*(-2)/(-3))/(6/(-27)). Give z(j).
12
Suppose -24 = s - 9*s. Let n(u) = -7*u + 10*u + 4*u**2 + u**3 - 3*u**2 - 1 - s*u**2. Give n(2).
5
Let v(o) = -3*o + 1. Suppose -k - g = -7 + 9, -10 = 2*k + 5*g. Determine v(k).
1
Let l(n) = -n**2 + 9*n - 10. Suppose -2*s + 6*s - 28 = 0. Give l(s).
4
Let d be (16/(-6))/(2/(-3)). Let a(z) = 9 - 54*z**2 - 7 + 55*z**2 + z. Calculate a(d).
22
Let c(k) = k - 4. Let r = 24 + -5. Let x = r + -22. Give c(x).
-7
Let m(t) = 5*t**2 + 29*t - 9. Let h(p) = p**2 + 7*p - 2. Let a(w) = 9*h(w) - 2*m(w). Let q be ((-3)/2)/((-3)/(-24)). Let v = q + 18. Determine a(v).
-6
Let x = -1 + -3. Let i(o) be the second derivative of -o**4/12 + 3*o**2/2 + 5*o + 2. Determine i(x).
-13
Let u(a) = a**2 + 60*a + 121. Let n be u(-2). Let r(s) = s**3 - 5*s**2 + 3*s - 6. Determine r(n).
9
Let r(x) = -x**2 + 4*x - 2. Suppose -2*p + 6 = 2*o, 5*o - 28 = -p - 5. What is r(o)?
-7
Let h(w) = -w**3 - 5*w**2 + 4*w - 6. Suppose 10*g - 30 = 5*g. Suppose -9*l + 12 = -g*l. Suppose -4*i - b = 24, -4*b = l*i + 9 + 15. Calculate h(i).
6
Let o(f) = -6*f**2 + 79*f**3 - 153*f**3 + 73*f**3. Determine o(-6).
0
Let j = -1 - -2. Let o(h) = 5*h**2 + h**3 - 3*h - h**2 - 3*h**2 - j. Let b be o(-2). Let n(t) = 8*t**3 - 2*t + 1. What is n(b)?
7
Let o(v) be the third derivative of v**8/20160 - v**7/720 + v**6/360 + 7*v**5/20 - 38*v**2. Let g(d) be the third derivative of o(d). Determine g(7).
2
Let q(l) = l**2 + 9*l - 2. Let b(x) = 2*x**2 + 17*x - 4. Let m(o) = -6*b(o) + 11*q(o). Suppose 3*w - 2*z = -5*z - 3, -5 = w - z. Calculate m(w).
2
Let b(s) = s**2 - 3*s - 1. Let u(k) = -8*k**3 - 7*k**2 + 15*k + 6. Let r(c) = 5*b(c) + u(c). Let o(q) = q + 5. Let t be o(-4). Give r(t).
-9
Let i(f) = 79*f**2 + 6 + 82*f**2 - 163*f**2 - 7*f + f**3. Determine i(4).
10
Suppose -3*g = -i + g, i + 3*g = 14. Let u(n) = 8*n - i*n + 9*n - 1. Determine u(-1).
-10
Let p(s) = -7*s**3 + 7*s**2 + 6*s + 9. Let y(w) = 15*w**3 - 14*w**2 - 13*w - 18. Let g(d) = 13*p(d) + 6*y(d). Calculate g(7).
9
Let r(c) = c**2 - 38*c + 345. Let f be r(23). Let z(d) = -d**2 + 2*d - 25. Give z(f).
-25
Suppose -g + 3*g = 36. Suppose 4*q = q + g. Let f(o) = 8*o + 12 - q - 6. Give f(1).
8
Let w(y) = -16*y - 96. Let b be w(-6). Suppose b*m + 5*m = -25. Let k(x) = -x - 1. What is k(m)?
4
Let u(s) = s**3 - 6*s**2 + 6*s + 4. Let i(f) = -f**3 - 19*f**2 - 2*f - 33. Let j be i(-19). Give u(j).
9
Let o(h) = -2*h**2 - 4*h + 25. Let s(g) = -g**2 - 2*g + 12. Let q(w) = -2*o(w) + 5*s(w). What is q(0)?
10
Let m(v) = 5*v + 1. Suppose 14 = -46*w + 39*w. Calculate m(w).
-9
Let h = 137 + -109. Suppose -27*w = -31*w + h. Let u(o) = o**3 - 7*o**2 + o - 8. Calculate u(w).
-1
Let m(t) = 2*t - 2. Let k(p) = -11*p**2 + 6*p - 7. Let w(h) = -k(h) + 4*m(h). What is w(1)?
12
Let z(q) = q**3 + 5*q**2 + 5*q - 2. Let u = 46 - 31. Suppose -1 = 4*l + u. Determine z(l).
-6
Let w(l) be the third derivative of -l**4/12 + 2*l**3 - 64*l**2 - 3. Calculate w(8).
-4
Let s(p) = -p**2 - 18*p - 19. Let z = 1180 - 1197. Determine s(z).
-2
Let f(b) = b**3 - 35*b**2 + 39*b - 172. Let i be f(34). Let v(h) = h**3 - 5*h**2 + 5. Let w be v(5). Let k(o) = -3 + 1 + w*o + 3. Calculate k(i).
-9
Suppose 10 = 3*n + 1. Let i(g) = -4*g**2 + 3*g + 2. Let p(j) = 7*j**2 - 5*j - 3. Let z(a) = n*p(a) + 5*i(a). What is z(-1)?
2
Let w(i) = -i + 3. Let k = 0 - -1. Suppose -54*z - 6 = -52*z. Let v be (1/z)/(k/(-12)). Determine w(v).
-1
Let i(o) = o + 4. Let j(d) = 1 + 16 - 15. Let b(p) = -2*i(p) + 5*j(p). Determine b(5).
-8
Let v(k) = -115*k - 237.